{"id":14,"date":"2014-03-16T13:04:41","date_gmt":"2014-03-16T11:04:41","guid":{"rendered":"http:\/\/www.tierheilpraxis-eschenbacher.de\/?page_id=14"},"modified":"2022-10-20T16:22:20","modified_gmt":"2022-10-20T14:22:20","slug":"ueber-mich","status":"publish","type":"page","link":"http:\/\/www.tierheilpraxis-eschenbacher.de\/?page_id=14","title":{"rendered":"\u00dcber mich"},"content":{"rendered":"<p><a href=\"http:\/\/www.tierheilpraxis-eschenbacher.de\/wp-content\/uploads\/2014\/03\/2009-Sisco-und-ich.jpg\"><img loading=\"lazy\" decoding=\"async\" class=\"alignnone size-medium wp-image-45\" src=\"http:\/\/www.tierheilpraxis-eschenbacher.de\/wp-content\/uploads\/2014\/03\/2009-Sisco-und-ich-199x300.jpg\" alt=\"Mein Pferd und ich\" width=\"199\" height=\"300\" srcset=\"http:\/\/www.tierheilpraxis-eschenbacher.de\/wp-content\/uploads\/2014\/03\/2009-Sisco-und-ich-199x300.jpg 199w, http:\/\/www.tierheilpraxis-eschenbacher.de\/wp-content\/uploads\/2014\/03\/2009-Sisco-und-ich.jpg 479w\" sizes=\"auto, (max-width: 199px) 100vw, 199px\" \/><\/a><\/p>\n<p>Mein Name ist Simone Eschenbacher.<\/p>\n<p>Ich bin ausgebildete Tierheilpraktikerin (ATM) mit Schwerpunkt TCM und Vitalstofftherapie, Pferdeosteopathin und Lebensenergieberaterin f\u00fcr Tiere (LEB\/T).<\/p>\n<p>Nachdem ich 2006 meine Ausbildung zur Pferdephysiotherapie abschloss, merkte ich, dass ich noch mehr dar\u00fcber lernen m\u00f6chte, wie man Tiere erfolgreich nat\u00fcrlich therapieren kann. Ich entschloss mich, die gro\u00dfe Tierheilpraktikerausbildung bei der Akademie f\u00fcr Tiernaturheilkunde (ATM) zu machen, deren Pr\u00fcfung ich 2010 erfolgreich bestand. Seit 2015 kam die Arbeit mit Vitalstoffen dazu &#8211; immer wieder bemerkenswert, was sich auch durch den pr\u00e4ventiven Einsatz ver\u00e4ndert.<\/p>\n<p>Parallel lernte ich bei Doris Reimann\u00a0die Kunst der Pferdeosteopathie, worin ich die Pr\u00fcfung ebenfalls 2010 erfolgreich ablegte.<\/p>\n<p>Ich bin Mitglied im &#8222;Fachverband niedergelassener Tierheilpraktiker&#8220; FNT e.V. , der strenge Anforderungen an seine Mitglieder stellt\u00a0und dessen Mitgliedschaft regelm\u00e4\u00dfige Fortbildung fordert.<\/p>\n<p>Seit fr\u00fchester Kindheit begleitet mich meine Liebe zu Tieren. Als ich noch klein war, zog die erste Katze bei uns ein, seitdem geht es nicht mehr ohne.<br \/>\nMein erstes Pferd war f\u00fcr \u00fcber 23 Jahre meine st\u00e4ndige Herausforderung.<\/p>\n<p>Weiterhin besuchte ich mit meinem Pferd regelm\u00e4\u00dfig Kurse in Natural Horsemanship und Freiarbeit\/Liberty am Boden, sowie Reitkurse von verschiedenen bekannten Trainern, ob Sitzschulung nach Gesichtspunkten der klassischen Dressur, Freestyle-Reiten (ohne Z\u00fcgel) oder Westernreiten.<\/p>\n<p>Da mein erstes Pferd fr\u00fcher durchaus als schwierig zu bezeichnen war, kam ich durch eine gute Freundin, der ich daf\u00fcr sehr dankbar bin, wegen eines Verladeproblems zum ersten Mal in Kontakt mit Natural Horsemanship. Seitdem l\u00e4sst es mich nicht mehr los, da ich gesehen habe, was mit einem Pferd alles m\u00f6glich ist, selbst wenn es durch seinen K\u00f6rperbau limitiert ist.<\/p>\n<p><span style=\"line-height: 1.5em;\">Nach wie vor &#8222;brennt es mir f\u00f6rmlich unter den N\u00e4geln&#8220;, mich st\u00e4ndig weiter zu bilden, um mein Wissen weiter zu vergr\u00f6\u00dfern und in meine Behandlungen und Trainingseinheiten einbringen zu k\u00f6nnen.<\/span><\/p>\n<!-- Facebook Members Plugin by Crunchify: http:\/\/Crunchify.com\/facebook-members\/ -->\n\t\t<div class=\"fb-recommendations-bar\" data-href=\"http:\/\/www.tierheilpraxis-eschenbacher.de\/?page_id=14\" data-read-time=\"5\" data-side=\"\" data-action=\"like\"><\/div>","protected":false},"excerpt":{"rendered":"<p>Mein Name ist Simone Eschenbacher. Ich bin ausgebildete Tierheilpraktikerin (ATM) mit Schwerpunkt TCM und Vitalstofftherapie, Pferdeosteopathin und Lebensenergieberaterin f\u00fcr Tiere (LEB\/T). Nachdem ich 2006 meine Ausbildung zur Pferdephysiotherapie abschloss, merkte ich, dass ich noch mehr dar\u00fcber lernen m\u00f6chte, wie man Tiere erfolgreich nat\u00fcrlich therapieren kann. Ich entschloss mich, die gro\u00dfe Tierheilpraktikerausbildung bei der Akademie f\u00fcr [&hellip;]<\/p>\n","protected":false},"author":1,"featured_media":0,"parent":0,"menu_order":12,"comment_status":"closed","ping_status":"closed","template":"","meta":{"footnotes":""},"tags":[],"class_list":["post-14","page","type-page","status-publish","hentry"],"aioseo_notices":[],"_links":{"self":[{"href":"http:\/\/www.tierheilpraxis-eschenbacher.de\/index.php?rest_route=\/wp\/v2\/pages\/14","targetHints":{"allow":["GET"]}}],"collection":[{"href":"http:\/\/www.tierheilpraxis-eschenbacher.de\/index.php?rest_route=\/wp\/v2\/pages"}],"about":[{"href":"http:\/\/www.tierheilpraxis-eschenbacher.de\/index.php?rest_route=\/wp\/v2\/types\/page"}],"author":[{"embeddable":true,"href":"http:\/\/www.tierheilpraxis-eschenbacher.de\/index.php?rest_route=\/wp\/v2\/users\/1"}],"replies":[{"embeddable":true,"href":"http:\/\/www.tierheilpraxis-eschenbacher.de\/index.php?rest_route=%2Fwp%2Fv2%2Fcomments&post=14"}],"version-history":[{"count":17,"href":"http:\/\/www.tierheilpraxis-eschenbacher.de\/index.php?rest_route=\/wp\/v2\/pages\/14\/revisions"}],"predecessor-version":[{"id":330,"href":"http:\/\/www.tierheilpraxis-eschenbacher.de\/index.php?rest_route=\/wp\/v2\/pages\/14\/revisions\/330"}],"wp:attachment":[{"href":"http:\/\/www.tierheilpraxis-eschenbacher.de\/index.php?rest_route=%2Fwp%2Fv2%2Fmedia&parent=14"}],"wp:term":[{"taxonomy":"post_tag","embeddable":true,"href":"http:\/\/www.tierheilpraxis-eschenbacher.de\/index.php?rest_route=%2Fwp%2Fv2%2Ftags&post=14"}],"curies":[{"name":"wp","href":"https:\/\/api.w.org\/{rel}","templated":true}]}}