{"id":80,"date":"2014-04-01T13:30:31","date_gmt":"2014-04-01T11:30:31","guid":{"rendered":"http:\/\/www.tierheilpraxis-eschenbacher.de\/?page_id=80"},"modified":"2014-09-17T20:29:47","modified_gmt":"2014-09-17T18:29:47","slug":"homoeopathie","status":"publish","type":"page","link":"http:\/\/www.tierheilpraxis-eschenbacher.de\/?page_id=80","title":{"rendered":"Hom\u00f6opathie"},"content":{"rendered":"<p>&nbsp;<\/p>\n<p><strong>\u201cSimilia similibus curentur.\u201d<\/strong><strong>\u00a0 (\u00c4hnliches werde durch \u00c4hnliches geheilt.)<\/strong><\/p>\n<p>Die Heilkunst der Hom\u00f6opathie geht auf den Arzt Samuel Hahnemann zur\u00fcck, der herausfand, dass Heilung durch das \u00c4hnlichkeitsprinzip m\u00f6glich ist.<\/p>\n<p>Das hei\u00dft, dass Mittel, die Symptome ausl\u00f6sen, diese auch heilen k\u00f6nnen, wenn der Organismus in der Lage ist, das mit seiner verbleibenden Lebensenergie zu bewerkstelligen.<\/p>\n<p><img loading=\"lazy\" decoding=\"async\" class=\"aligncenter wp-image-82 size-medium\" src=\"http:\/\/www.tierheilpraxis-eschenbacher.de\/wp-content\/uploads\/2014\/04\/Hom\u00f6opathie-Bild-klein-300x241.jpg\" alt=\"Hom\u00f6opathie Bild klein\" width=\"300\" height=\"241\" srcset=\"http:\/\/www.tierheilpraxis-eschenbacher.de\/wp-content\/uploads\/2014\/04\/Hom\u00f6opathie-Bild-klein-300x241.jpg 300w, http:\/\/www.tierheilpraxis-eschenbacher.de\/wp-content\/uploads\/2014\/04\/Hom\u00f6opathie-Bild-klein-1024x825.jpg 1024w\" sizes=\"auto, (max-width: 300px) 100vw, 300px\" \/><\/p>\n<!-- Facebook Members Plugin by Crunchify: http:\/\/Crunchify.com\/facebook-members\/ -->\n\t\t<div class=\"fb-recommendations-bar\" data-href=\"http:\/\/www.tierheilpraxis-eschenbacher.de\/?page_id=80\" data-read-time=\"5\" data-side=\"\" data-action=\"like\"><\/div>","protected":false},"excerpt":{"rendered":"<p>&nbsp; \u201cSimilia similibus curentur.\u201d\u00a0 (\u00c4hnliches werde durch \u00c4hnliches geheilt.) Die Heilkunst der Hom\u00f6opathie geht auf den Arzt Samuel Hahnemann zur\u00fcck, der herausfand, dass Heilung durch das \u00c4hnlichkeitsprinzip m\u00f6glich ist. Das hei\u00dft, dass Mittel, die Symptome ausl\u00f6sen, diese auch heilen k\u00f6nnen, wenn der Organismus in der Lage ist, das mit seiner verbleibenden Lebensenergie zu bewerkstelligen.<\/p>\n","protected":false},"author":1,"featured_media":0,"parent":23,"menu_order":9,"comment_status":"closed","ping_status":"closed","template":"","meta":{"footnotes":""},"tags":[],"class_list":["post-80","page","type-page","status-publish","hentry"],"aioseo_notices":[],"_links":{"self":[{"href":"http:\/\/www.tierheilpraxis-eschenbacher.de\/index.php?rest_route=\/wp\/v2\/pages\/80","targetHints":{"allow":["GET"]}}],"collection":[{"href":"http:\/\/www.tierheilpraxis-eschenbacher.de\/index.php?rest_route=\/wp\/v2\/pages"}],"about":[{"href":"http:\/\/www.tierheilpraxis-eschenbacher.de\/index.php?rest_route=\/wp\/v2\/types\/page"}],"author":[{"embeddable":true,"href":"http:\/\/www.tierheilpraxis-eschenbacher.de\/index.php?rest_route=\/wp\/v2\/users\/1"}],"replies":[{"embeddable":true,"href":"http:\/\/www.tierheilpraxis-eschenbacher.de\/index.php?rest_route=%2Fwp%2Fv2%2Fcomments&post=80"}],"version-history":[{"count":4,"href":"http:\/\/www.tierheilpraxis-eschenbacher.de\/index.php?rest_route=\/wp\/v2\/pages\/80\/revisions"}],"predecessor-version":[{"id":246,"href":"http:\/\/www.tierheilpraxis-eschenbacher.de\/index.php?rest_route=\/wp\/v2\/pages\/80\/revisions\/246"}],"up":[{"embeddable":true,"href":"http:\/\/www.tierheilpraxis-eschenbacher.de\/index.php?rest_route=\/wp\/v2\/pages\/23"}],"wp:attachment":[{"href":"http:\/\/www.tierheilpraxis-eschenbacher.de\/index.php?rest_route=%2Fwp%2Fv2%2Fmedia&parent=80"}],"wp:term":[{"taxonomy":"post_tag","embeddable":true,"href":"http:\/\/www.tierheilpraxis-eschenbacher.de\/index.php?rest_route=%2Fwp%2Fv2%2Ftags&post=80"}],"curies":[{"name":"wp","href":"https:\/\/api.w.org\/{rel}","templated":true}]}}